{"id":50,"date":"2022-06-17T12:48:44","date_gmt":"2022-06-17T12:48:44","guid":{"rendered":"https:\/\/freelance.fo\/?page_id=50"},"modified":"2022-08-20T13:56:58","modified_gmt":"2022-08-20T13:56:58","slug":"forsida","status":"publish","type":"page","link":"https:\/\/freelance.fo\/","title":{"rendered":"Fors\u00ed\u00f0a"},"content":{"rendered":"\n<p>At starvast innan ta\u00f0 \u00f8ki har ein hevur ein serligan \u00e1huga og kanska eisini ein g\u00f3\u00f0an f\u00f8rleika m\u00e1 vera ta\u00f0 \u00f8ll ynskja s\u00e6r. N\u00fa kanst t\u00fa skr\u00e1seta teg hj\u00e1 Freelance.fo sum t\u00e6nastuveitari og sj\u00e1lvur \u00e1seta hvat t\u00fa kanst bj\u00f3\u00f0a, n\u00e6r t\u00fa ert t\u00f8kur til hetta og hvar \u00ed landinum t\u00fa ynskir at arbei\u00f0a. <\/p>\n\n\n\n<p>Send ein e-mail til info @ freelance.fo og skriva eitt sindur um teg og vi\u00f0heft CV\/L\u00edvsrensl <br><\/p>\n\n\n\n<p>Hetta kunnu arbei\u00f0sgevarar eisini nj\u00f3ta gott av. At f\u00e1a ein arbei\u00f0ara inn \u00ed eitt \u00e1v\u00edst t\u00ed\u00f0arskei\u00f0 til eina verk\u00e6tlan ella sum avloysara kann ver\u00f0a vi\u00f0 til at f\u00e1a arbei\u00f0i gj\u00f8rt skj\u00f3tt og v\u00e6l. Ta\u00f0 kann vera sera dr\u00fagt at seta starvsf\u00f3lk \u00ed starv og\/ella at finna tann r\u00e6tta til uppg\u00e1vuna so her vilja vit hj\u00e1lpa vi\u00f0 at tann r\u00e6tti pers\u00f3nurin ver\u00f0ur funnin og kemur \u00ed gongd vi\u00f0 uppg\u00e1vuna. <\/p>\n\n\n\n<p>Uppg\u00e1vurnar kunnu vera ymiskar. So at siga allar t\u00e6nastur kunnu bj\u00f3\u00f0ast framm og so er ta\u00f0 upp til arbei\u00f0sgevaran at velja t\u00e6nastuveitaran \u00fatfr\u00e1 \u00fatb\u00fagving, royndum ella umd\u00f8mi.<\/p>\n\n\n\n<p>T\u00e6r t\u00e6nastur vit kunnu bj\u00f3\u00f0a vera l\u00fdstar \u00e1 heimas\u00ed\u00f0uni so skj\u00f3tt vit hava t\u00e6nastuveitaran til uppg\u00e1vuna.  <\/p>\n\n\n\n<p>Arbei\u00f0sgevarar eru eisini alt\u00ed\u00f0 v\u00e6lkomnir at ringja ella skriva til okkum um ta\u00f0 er t\u00f8rvur \u00e1 arbei\u00f0sf\u00f3lki.<\/p>\n\n\n\n<p>Sum naka\u00f0 n\u00fdtt hava vit eisini lagt nakrar verk\u00e6tlanir \u00fat sum t\u00f8rva \u00edleggjarar. <br><br><br><br><br><\/p>\n","protected":false},"excerpt":{"rendered":"<p>At starvast innan ta\u00f0 \u00f8ki har ein hevur ein serligan \u00e1huga og kanska eisini ein g\u00f3\u00f0an f\u00f8rleika m\u00e1 vera ta\u00f0 \u00f8ll ynskja s\u00e6r. N\u00fa kanst t\u00fa skr\u00e1seta teg hj\u00e1 Freelance.fo sum t\u00e6nastuveitari og sj\u00e1lvur \u00e1seta hvat t\u00fa kanst bj\u00f3\u00f0a, n\u00e6r t\u00fa ert t\u00f8kur til hetta og hvar \u00ed landinum t\u00fa ynskir at arbei\u00f0a. Send ein&hellip;&nbsp;<a href=\"https:\/\/freelance.fo\/\" rel=\"bookmark\">L\u00e6s mere &raquo;<span class=\"screen-reader-text\">Fors\u00ed\u00f0a<\/span><\/a><\/p>\n","protected":false},"author":1,"featured_media":228,"parent":0,"menu_order":-1,"comment_status":"closed","ping_status":"closed","template":"","meta":{"neve_meta_sidebar":"","neve_meta_container":"","neve_meta_enable_content_width":"","neve_meta_content_width":0,"neve_meta_title_alignment":"","neve_meta_author_avatar":"","neve_post_elements_order":"","neve_meta_disable_header":"","neve_meta_disable_footer":"","neve_meta_disable_title":"","footnotes":""},"class_list":["post-50","page","type-page","status-publish","has-post-thumbnail","hentry"],"jetpack_sharing_enabled":true,"_links":{"self":[{"href":"https:\/\/freelance.fo\/index.php?rest_route=\/wp\/v2\/pages\/50","targetHints":{"allow":["GET"]}}],"collection":[{"href":"https:\/\/freelance.fo\/index.php?rest_route=\/wp\/v2\/pages"}],"about":[{"href":"https:\/\/freelance.fo\/index.php?rest_route=\/wp\/v2\/types\/page"}],"author":[{"embeddable":true,"href":"https:\/\/freelance.fo\/index.php?rest_route=\/wp\/v2\/users\/1"}],"replies":[{"embeddable":true,"href":"https:\/\/freelance.fo\/index.php?rest_route=%2Fwp%2Fv2%2Fcomments&post=50"}],"version-history":[{"count":7,"href":"https:\/\/freelance.fo\/index.php?rest_route=\/wp\/v2\/pages\/50\/revisions"}],"predecessor-version":[{"id":185,"href":"https:\/\/freelance.fo\/index.php?rest_route=\/wp\/v2\/pages\/50\/revisions\/185"}],"wp:featuredmedia":[{"embeddable":true,"href":"https:\/\/freelance.fo\/index.php?rest_route=\/wp\/v2\/media\/228"}],"wp:attachment":[{"href":"https:\/\/freelance.fo\/index.php?rest_route=%2Fwp%2Fv2%2Fmedia&parent=50"}],"curies":[{"name":"wp","href":"https:\/\/api.w.org\/{rel}","templated":true}]}}